{"id":1927,"date":"2020-10-26T09:58:13","date_gmt":"2020-10-26T08:58:13","guid":{"rendered":"http:\/\/23118.web.zcom.it\/gmbh\/?page_id=1927"},"modified":"2024-11-11T08:46:15","modified_gmt":"2024-11-11T07:46:15","slug":"technischer-support","status":"publish","type":"page","link":"https:\/\/www.interfama.com\/gmbh\/technischer-support\/","title":{"rendered":"Technischer Support"},"content":{"rendered":"<p>[et_pb_section fb_built=&#8220;1&#8243; fullwidth=&#8220;on&#8220; _builder_version=&#8220;4.16&#8243; _module_preset=&#8220;default&#8220; animation_style=&#8220;fade&#8220; global_colors_info=&#8220;{}&#8220;][et_pb_fullwidth_header header_fullscreen=&#8220;on&#8220; _builder_version=&#8220;4.16&#8243; _module_preset=&#8220;default&#8220; background_enable_color=&#8220;off&#8220; background_image=&#8220;https:\/\/www.interfama.com\/gmbh\/wp-content\/uploads\/2020\/09\/Technik.jpg&#8220; parallax=&#8220;on&#8220; global_colors_info=&#8220;{}&#8220;][\/et_pb_fullwidth_header][\/et_pb_section][et_pb_section fb_built=&#8220;1&#8243; _builder_version=&#8220;4.16&#8243; background_enable_color=&#8220;off&#8220; use_background_color_gradient=&#8220;on&#8220; background_color_gradient_direction=&#8220;1deg&#8220; background_color_gradient_stops=&#8220;#ffffff 37%|#d6d6d6 100%&#8220; background_color_gradient_start=&#8220;#ffffff&#8220; background_color_gradient_start_position=&#8220;37%&#8220; background_color_gradient_end=&#8220;#d6d6d6&#8243; custom_margin=&#8220;||||false|false&#8220; global_colors_info=&#8220;{}&#8220;][et_pb_row module_id=&#8220;systeme&#8220; _builder_version=&#8220;4.16&#8243; background_enable_color=&#8220;off&#8220; width=&#8220;70%&#8220; width_tablet=&#8220;100%&#8220; width_phone=&#8220;100%&#8220; width_last_edited=&#8220;on|phone&#8220; custom_margin=&#8220;-75vh||0px||false|false&#8220; custom_padding=&#8220;||0px||false|false&#8220; animation_style=&#8220;fade&#8220; animation_direction=&#8220;bottom&#8220; global_colors_info=&#8220;{}&#8220;][et_pb_column type=&#8220;4_4&#8243; _builder_version=&#8220;4.16&#8243; background_color=&#8220;#ffffff&#8220; global_colors_info=&#8220;{}&#8220;][et_pb_text admin_label=&#8220;Einleitungstext&#8220; _builder_version=&#8220;4.16&#8243; header_2_line_height=&#8220;2em&#8220; background_enable_color=&#8220;off&#8220; width=&#8220;100%&#8220; custom_margin=&#8220;||||false|false&#8220; custom_padding=&#8220;3em|4em|3em|4em|false|false&#8220; custom_padding_tablet=&#8220;2em|2em|2em|2em|false|false&#8220; custom_padding_phone=&#8220;2em|2em|2em|2em|false|false&#8220; custom_padding_last_edited=&#8220;on|desktop&#8220; animation_style=&#8220;fade&#8220; header_2_font_size_tablet=&#8220;25px&#8220; header_2_font_size_phone=&#8220;24px&#8220; header_2_font_size_last_edited=&#8220;on|phone&#8220; global_colors_info=&#8220;{}&#8220;]<\/p>\n<h1>Schalungsplanung und gezielte Produktschulung durch INTERFAMA<\/h1>\n<h2>Profitieren Sie von unseren Erfahrungen<\/h2>\n<p>Durch die produkt- und kundenorientierte Weiterentwicklung bietet das Unternehmen L\u00f6sungen f\u00fcr jegliche Bauvorhaben. Aus diesem Grund arbeiten unsere Techniker eng mit den Bauunternehmen zusammen, um ma\u00dfgeschneiderte L\u00f6sungen zu entwickeln. F\u00fcr die Schalungsplanung verwenden wir modernste Programme in Kombination mit 2D- und 3D-Modellen. Unsere Techniker sind in der Lage, L\u00f6sungen f\u00fcr jedes Projekt und f\u00fcr jede Gr\u00f6\u00dfenordnung auszuarbeiten.<\/p>\n<p>Die Entscheidung f\u00fcr ein System von INTERFAMA beinhaltet zudem die Unterst\u00fctzung und Begleitung unserer Kunden direkt auf der Baustelle mit einer individuell abgestimmten Schulung und Montagehilfe. Dadurch wird ein sicherer und wirtschaftlicher Einsatz der Schalungssysteme gew\u00e4hrleistet und die Projekte k\u00f6nnen erfolgreich realisiert werden.<\/p>\n<h3>Unser Versprechen: Einfach Beton gestalten &#8211; H\u00f6chste Qualit\u00e4t f\u00fcr besonders hohe Anspr\u00fcche<\/h3>\n<p>40 Jahre Erfahrung im Bau von Schalsystemen machen den technischen Vorsprung aus. Dass die Marke INTERFAMA f\u00fcr Qualit\u00e4t und Know-how b\u00fcrgt, best\u00e4tigen unsere langj\u00e4hrigen und zufriedenen Kunden. Der hochmoderne Produktionsablauf garantiert eine pr\u00e4zise Fertigung aller Produkte.<\/p>\n<p>Die hohe Qualit\u00e4t der INTERFAMA Schalsysteme tr\u00e4gt wesentlich zum Erfolg eines jeden Bauvorhabens bei. Da die sofortige Bereitstellung der Produkte f\u00fcr die Rationalisierung der Arbeitsvorg\u00e4nge unentbehrlich ist, sorgt INTERFAMA f\u00fcr termingerechte Lieferung vor Ort, das durch ein sorgf\u00e4ltiges Lagerprogramm der aktuellen Produktpalette garantiert wird.<\/p>\n<p>[\/et_pb_text][\/et_pb_column][\/et_pb_row][et_pb_row column_structure=&#8220;1_3,1_3,1_3&#8243; make_equal=&#8220;on&#8220; custom_padding_last_edited=&#8220;on|desktop&#8220; module_id=&#8220;systeme&#8220; _builder_version=&#8220;4.16&#8243; background_color=&#8220;#ffffff&#8220; width=&#8220;70%&#8220; width_tablet=&#8220;100%&#8220; width_phone=&#8220;100%&#8220; width_last_edited=&#8220;on|desktop&#8220; custom_margin=&#8220;0px||0px||false|false&#8220; custom_padding=&#8220;3em|4em|0px|4em|false|false&#8220; custom_padding_tablet=&#8220;2em|2em|0em|2em|false|false&#8220; custom_padding_phone=&#8220;||0em||false|false&#8220; animation_style=&#8220;fade&#8220; animation_direction=&#8220;bottom&#8220; global_colors_info=&#8220;{}&#8220;][et_pb_column type=&#8220;1_3&#8243; _builder_version=&#8220;4.16&#8243; background_color=&#8220;#ffffff&#8220; global_colors_info=&#8220;{}&#8220;][et_pb_blurb image=&#8220;https:\/\/www.interfama.com\/gmbh\/wp-content\/uploads\/2020\/09\/ethik.jpg&#8220; _builder_version=&#8220;4.16&#8243; _module_preset=&#8220;default&#8220; animation=&#8220;off&#8220; global_colors_info=&#8220;{}&#8220;]<\/p>\n<p>Ethik, Respekt gegen\u00fcber andere, INTERFAMA unterscheidet sich durch moderne und langfristige Arbeitspl\u00e4tze.<\/p>\n<p>[\/et_pb_blurb][\/et_pb_column][et_pb_column type=&#8220;1_3&#8243; _builder_version=&#8220;4.16&#8243; background_color=&#8220;#ffffff&#8220; global_colors_info=&#8220;{}&#8220;][et_pb_blurb image=&#8220;https:\/\/www.interfama.com\/gmbh\/wp-content\/uploads\/2020\/09\/CNC.jpg&#8220; _builder_version=&#8220;4.16&#8243; _module_preset=&#8220;default&#8220; animation=&#8220;off&#8220; global_colors_info=&#8220;{}&#8220;]<\/p>\n<p>Computer gesteuerte Abl\u00e4ufe erleichtern den Arbeitsprozess.<\/p>\n<p>[\/et_pb_blurb][\/et_pb_column][et_pb_column type=&#8220;1_3&#8243; _builder_version=&#8220;4.16&#8243; background_color=&#8220;#ffffff&#8220; global_colors_info=&#8220;{}&#8220;][et_pb_blurb image=&#8220;https:\/\/www.interfama.com\/gmbh\/wp-content\/uploads\/2020\/09\/Rohstoffe.jpg&#8220; _builder_version=&#8220;4.16&#8243; _module_preset=&#8220;default&#8220; animation=&#8220;off&#8220; global_colors_info=&#8220;{}&#8220;]<\/p>\n<p>Qualitativ hochwertige Rohstoffe.<\/p>\n<p>[\/et_pb_blurb][\/et_pb_column][\/et_pb_row][et_pb_row column_structure=&#8220;1_3,1_3,1_3&#8243; make_equal=&#8220;on&#8220; custom_padding_last_edited=&#8220;on|phone&#8220; module_id=&#8220;systeme&#8220; _builder_version=&#8220;4.16&#8243; background_color=&#8220;#ffffff&#8220; width=&#8220;70%&#8220; width_tablet=&#8220;100%&#8220; width_phone=&#8220;100%&#8220; width_last_edited=&#8220;on|desktop&#8220; custom_margin=&#8220;0px||0px||false|false&#8220; custom_padding=&#8220;3em|4em|3em|4em|false|false&#8220; custom_padding_tablet=&#8220;2em|2em|2em|2em|false|false&#8220; custom_padding_phone=&#8220;&#8220; animation_direction=&#8220;bottom&#8220; global_colors_info=&#8220;{}&#8220;][et_pb_column type=&#8220;1_3&#8243; _builder_version=&#8220;4.16&#8243; background_color=&#8220;#ffffff&#8220; global_colors_info=&#8220;{}&#8220;][et_pb_blurb image=&#8220;https:\/\/www.interfama.com\/gmbh\/wp-content\/uploads\/2020\/09\/Kleinteile.jpg&#8220; _builder_version=&#8220;4.16&#8243; _module_preset=&#8220;default&#8220; animation=&#8220;off&#8220; global_colors_info=&#8220;{}&#8220;]<\/p>\n<p>Maschinelle und rationelle Herstellung von Kleinteilen.<\/p>\n<p>[\/et_pb_blurb][\/et_pb_column][et_pb_column type=&#8220;1_3&#8243; _builder_version=&#8220;4.16&#8243; background_color=&#8220;#ffffff&#8220; global_colors_info=&#8220;{}&#8220;][et_pb_blurb image=&#8220;https:\/\/www.interfama.com\/gmbh\/wp-content\/uploads\/2020\/09\/Praezision.jpg&#8220; _builder_version=&#8220;4.16&#8243; _module_preset=&#8220;default&#8220; animation=&#8220;off&#8220; global_colors_info=&#8220;{}&#8220;]<\/p>\n<p>Die Pr\u00e4zision der hergestellten Produkte ist entscheidend f\u00fcr die Baustelle.<\/p>\n<p>[\/et_pb_blurb][\/et_pb_column][et_pb_column type=&#8220;1_3&#8243; _builder_version=&#8220;4.16&#8243; background_color=&#8220;#ffffff&#8220; global_colors_info=&#8220;{}&#8220;][et_pb_blurb image=&#8220;https:\/\/www.interfama.com\/gmbh\/wp-content\/uploads\/2020\/09\/Recycling.jpg&#8220; _builder_version=&#8220;4.16&#8243; _module_preset=&#8220;default&#8220; animation=&#8220;off&#8220; global_colors_info=&#8220;{}&#8220;]<\/p>\n<p>Recycling von wertvollen Rohstoffen.<\/p>\n<p>[\/et_pb_blurb][\/et_pb_column][\/et_pb_row][\/et_pb_section]<\/p>\n","protected":false},"excerpt":{"rendered":"<p>Schalungsplanung und gezielte Produktschulung durch INTERFAMA Profitieren Sie von unseren Erfahrungen Durch die produkt- und kundenorientierte Weiterentwicklung bietet das Unternehmen L\u00f6sungen f\u00fcr jegliche Bauvorhaben. Aus diesem Grund arbeiten unsere Techniker eng mit den Bauunternehmen zusammen, um ma\u00dfgeschneiderte L\u00f6sungen zu entwickeln. F\u00fcr die Schalungsplanung verwenden wir modernste Programme in Kombination mit 2D- und 3D-Modellen. Unsere Techniker [&hellip;]<\/p>\n","protected":false},"author":1,"featured_media":1154,"parent":0,"menu_order":0,"comment_status":"closed","ping_status":"closed","template":"","meta":{"_et_pb_use_builder":"on","_et_pb_old_content":"","_et_gb_content_width":""},"yoast_head":"<!-- This site is optimized with the Yoast SEO plugin v21.7 - https:\/\/yoast.com\/wordpress\/plugins\/seo\/ -->\n<title>Technischer Support \u2714\ufe0fSchalungsplanung und Produktschulung<\/title>\n<meta name=\"description\" content=\"\u27a1\ufe0fTechnischer Support \u27a1\ufe0fF\u00fcr jedes Projekt und f\u00fcr jede Gr\u00f6\u00dfenordnung \u27a1\ufe0fProdukt- und kundenorientierte Weiterentwicklung \u27a1\ufe0fModernste Programme\" \/>\n<meta name=\"robots\" content=\"index, follow, max-snippet:-1, max-image-preview:large, max-video-preview:-1\" \/>\n<link rel=\"canonical\" href=\"https:\/\/www.interfama.com\/gmbh\/technischer-support\/\" \/>\n<meta property=\"og:locale\" content=\"de_DE\" \/>\n<meta property=\"og:type\" content=\"article\" \/>\n<meta property=\"og:title\" content=\"Technischer Support \u2714\ufe0fSchalungsplanung und Produktschulung\" \/>\n<meta property=\"og:description\" content=\"\u27a1\ufe0fTechnischer Support \u27a1\ufe0fF\u00fcr jedes Projekt und f\u00fcr jede Gr\u00f6\u00dfenordnung \u27a1\ufe0fProdukt- und kundenorientierte Weiterentwicklung \u27a1\ufe0fModernste Programme\" \/>\n<meta property=\"og:url\" content=\"https:\/\/www.interfama.com\/gmbh\/technischer-support\/\" \/>\n<meta property=\"og:site_name\" content=\"INTERFAMA GmbH\" \/>\n<meta property=\"article:publisher\" content=\"https:\/\/www.facebook.com\/INTERFAMA\/\" \/>\n<meta property=\"article:modified_time\" content=\"2024-11-11T07:46:15+00:00\" \/>\n<meta property=\"og:image\" content=\"https:\/\/www.interfama.com\/gmbh\/wp-content\/uploads\/2020\/09\/Technik.jpg\" \/>\n\t<meta property=\"og:image:width\" content=\"1170\" \/>\n\t<meta property=\"og:image:height\" content=\"504\" \/>\n\t<meta property=\"og:image:type\" content=\"image\/jpeg\" \/>\n<meta name=\"twitter:card\" content=\"summary_large_image\" \/>\n<meta name=\"twitter:label1\" content=\"Gesch\u00e4tzte Lesezeit\" \/>\n\t<meta name=\"twitter:data1\" content=\"3\u00a0Minuten\" \/>\n<script type=\"application\/ld+json\" class=\"yoast-schema-graph\">{\"@context\":\"https:\/\/schema.org\",\"@graph\":[{\"@type\":\"WebPage\",\"@id\":\"https:\/\/www.interfama.com\/gmbh\/technischer-support\/\",\"url\":\"https:\/\/www.interfama.com\/gmbh\/technischer-support\/\",\"name\":\"Technischer Support \u2714\ufe0fSchalungsplanung und Produktschulung\",\"isPartOf\":{\"@id\":\"https:\/\/www.interfama.com\/gmbh\/it\/#website\"},\"datePublished\":\"2020-10-26T08:58:13+00:00\",\"dateModified\":\"2024-11-11T07:46:15+00:00\",\"description\":\"\u27a1\ufe0fTechnischer Support \u27a1\ufe0fF\u00fcr jedes Projekt und f\u00fcr jede Gr\u00f6\u00dfenordnung \u27a1\ufe0fProdukt- und kundenorientierte Weiterentwicklung \u27a1\ufe0fModernste Programme\",\"breadcrumb\":{\"@id\":\"https:\/\/www.interfama.com\/gmbh\/technischer-support\/#breadcrumb\"},\"inLanguage\":\"de\",\"potentialAction\":[{\"@type\":\"ReadAction\",\"target\":[\"https:\/\/www.interfama.com\/gmbh\/technischer-support\/\"]}]},{\"@type\":\"BreadcrumbList\",\"@id\":\"https:\/\/www.interfama.com\/gmbh\/technischer-support\/#breadcrumb\",\"itemListElement\":[{\"@type\":\"ListItem\",\"position\":1,\"name\":\"Startseite\",\"item\":\"https:\/\/www.interfama.com\/gmbh\/\"},{\"@type\":\"ListItem\",\"position\":2,\"name\":\"Technischer Support\"}]},{\"@type\":\"WebSite\",\"@id\":\"https:\/\/www.interfama.com\/gmbh\/it\/#website\",\"url\":\"https:\/\/www.interfama.com\/gmbh\/it\/\",\"name\":\"INTERFAMA GmbH\",\"description\":\"Einfach Beton gestalten\",\"potentialAction\":[{\"@type\":\"SearchAction\",\"target\":{\"@type\":\"EntryPoint\",\"urlTemplate\":\"https:\/\/www.interfama.com\/gmbh\/it\/?s={search_term_string}\"},\"query-input\":\"required name=search_term_string\"}],\"inLanguage\":\"de\"}]}<\/script>\n<!-- \/ Yoast SEO plugin. -->","yoast_head_json":{"title":"Technischer Support \u2714\ufe0fSchalungsplanung und Produktschulung","description":"\u27a1\ufe0fTechnischer Support \u27a1\ufe0fF\u00fcr jedes Projekt und f\u00fcr jede Gr\u00f6\u00dfenordnung \u27a1\ufe0fProdukt- und kundenorientierte Weiterentwicklung \u27a1\ufe0fModernste Programme","robots":{"index":"index","follow":"follow","max-snippet":"max-snippet:-1","max-image-preview":"max-image-preview:large","max-video-preview":"max-video-preview:-1"},"canonical":"https:\/\/www.interfama.com\/gmbh\/technischer-support\/","og_locale":"de_DE","og_type":"article","og_title":"Technischer Support \u2714\ufe0fSchalungsplanung und Produktschulung","og_description":"\u27a1\ufe0fTechnischer Support \u27a1\ufe0fF\u00fcr jedes Projekt und f\u00fcr jede Gr\u00f6\u00dfenordnung \u27a1\ufe0fProdukt- und kundenorientierte Weiterentwicklung \u27a1\ufe0fModernste Programme","og_url":"https:\/\/www.interfama.com\/gmbh\/technischer-support\/","og_site_name":"INTERFAMA GmbH","article_publisher":"https:\/\/www.facebook.com\/INTERFAMA\/","article_modified_time":"2024-11-11T07:46:15+00:00","og_image":[{"width":1170,"height":504,"url":"https:\/\/www.interfama.com\/gmbh\/wp-content\/uploads\/2020\/09\/Technik.jpg","type":"image\/jpeg"}],"twitter_card":"summary_large_image","twitter_misc":{"Gesch\u00e4tzte Lesezeit":"3\u00a0Minuten"},"schema":{"@context":"https:\/\/schema.org","@graph":[{"@type":"WebPage","@id":"https:\/\/www.interfama.com\/gmbh\/technischer-support\/","url":"https:\/\/www.interfama.com\/gmbh\/technischer-support\/","name":"Technischer Support \u2714\ufe0fSchalungsplanung und Produktschulung","isPartOf":{"@id":"https:\/\/www.interfama.com\/gmbh\/it\/#website"},"datePublished":"2020-10-26T08:58:13+00:00","dateModified":"2024-11-11T07:46:15+00:00","description":"\u27a1\ufe0fTechnischer Support \u27a1\ufe0fF\u00fcr jedes Projekt und f\u00fcr jede Gr\u00f6\u00dfenordnung \u27a1\ufe0fProdukt- und kundenorientierte Weiterentwicklung \u27a1\ufe0fModernste Programme","breadcrumb":{"@id":"https:\/\/www.interfama.com\/gmbh\/technischer-support\/#breadcrumb"},"inLanguage":"de","potentialAction":[{"@type":"ReadAction","target":["https:\/\/www.interfama.com\/gmbh\/technischer-support\/"]}]},{"@type":"BreadcrumbList","@id":"https:\/\/www.interfama.com\/gmbh\/technischer-support\/#breadcrumb","itemListElement":[{"@type":"ListItem","position":1,"name":"Startseite","item":"https:\/\/www.interfama.com\/gmbh\/"},{"@type":"ListItem","position":2,"name":"Technischer Support"}]},{"@type":"WebSite","@id":"https:\/\/www.interfama.com\/gmbh\/it\/#website","url":"https:\/\/www.interfama.com\/gmbh\/it\/","name":"INTERFAMA GmbH","description":"Einfach Beton gestalten","potentialAction":[{"@type":"SearchAction","target":{"@type":"EntryPoint","urlTemplate":"https:\/\/www.interfama.com\/gmbh\/it\/?s={search_term_string}"},"query-input":"required name=search_term_string"}],"inLanguage":"de"}]}},"_links":{"self":[{"href":"https:\/\/www.interfama.com\/gmbh\/wp-json\/wp\/v2\/pages\/1927"}],"collection":[{"href":"https:\/\/www.interfama.com\/gmbh\/wp-json\/wp\/v2\/pages"}],"about":[{"href":"https:\/\/www.interfama.com\/gmbh\/wp-json\/wp\/v2\/types\/page"}],"author":[{"embeddable":true,"href":"https:\/\/www.interfama.com\/gmbh\/wp-json\/wp\/v2\/users\/1"}],"replies":[{"embeddable":true,"href":"https:\/\/www.interfama.com\/gmbh\/wp-json\/wp\/v2\/comments?post=1927"}],"version-history":[{"count":5,"href":"https:\/\/www.interfama.com\/gmbh\/wp-json\/wp\/v2\/pages\/1927\/revisions"}],"predecessor-version":[{"id":12415,"href":"https:\/\/www.interfama.com\/gmbh\/wp-json\/wp\/v2\/pages\/1927\/revisions\/12415"}],"wp:featuredmedia":[{"embeddable":true,"href":"https:\/\/www.interfama.com\/gmbh\/wp-json\/wp\/v2\/media\/1154"}],"wp:attachment":[{"href":"https:\/\/www.interfama.com\/gmbh\/wp-json\/wp\/v2\/media?parent=1927"}],"curies":[{"name":"wp","href":"https:\/\/api.w.org\/{rel}","templated":true}]}}